 are the prime factors of 2448?
2, 3, 17
List the prime factors of 1802.
2, 17, 53
List the prime factors of 4251.
3, 13, 109
What are the prime factors of 2307?
3, 769
What are the prime factors of 829?
829
List the prime factors of 1104.
2, 3, 23
List the prime factors of 42406.
2, 7, 13, 233
List the prime factors of 5144.
2, 643
List the prime factors of 26723.
26723
What are the prime factors of 101171?
7, 97, 149
What are the prime factors of 24030?
2, 3, 5, 89
List the prime factors of 85291.
19, 67
List the prime factors of 3168.
2, 3, 11
List the prime factors of 11068.
2, 2767
List the prime factors of 99989.
99989
List the prime factors of 1524.
2, 3, 127
List the prime factors of 297.
3, 11
What are the prime factors of 699?
3, 233
List the prime factors of 7735.
5, 7, 13, 17
List the prime factors of 292.
2, 73
What are the prime factors of 3306?
2, 3, 19, 29
List the prime factors of 528.
2, 3, 11
List the prime factors of 3159.
3, 13
List the prime factors of 743.
743
List the prime factors of 973.
7, 139
List the prime factors of 16622.
2, 8311
What are the prime factors of 2475?
3, 5, 11
List the prime factors of 44603.
13, 47, 73
List the prime factors of 4611.
3, 29, 53
List the prime factors of 4102.
2, 7, 293
List the prime factors of 5604.
2, 3, 467
What are the prime factors of 595?
5, 7, 17
List the prime factors of 19069.
19069
List the prime factors of 8811.
3, 11, 89
What are the prime factors of 5019?
3, 7, 239
List the prime factors of 9415.
5, 7, 269
List the prime factors of 38107.
53, 719
What are the prime factors of 7644?
2, 3, 7, 13
What are the prime factors of 1464?
2, 3, 61
List the prime factors of 3030.
2, 3, 5, 101
List the prime factors of 135.
3, 5
List the prime factors of 2670.
2, 3, 5, 89
List the prime factors of 126909.
3, 59, 239
List the prime factors of 11125.
5, 89
What are the prime factors of 792?
2, 3, 11
List the prime factors of 59813.
13, 43, 107
List the prime factors of 1568.
2, 7
What are the prime factors of 29228?
2, 7307
List the prime factors of 2515.
5, 503
List the prime factors of 28888.
2, 23, 157
List the prime factors of 54303.
3, 23, 787
What are the prime factors of 6352?
2, 397
List the prime factors of 16502.
2, 37, 223
What are the prime factors of 3312?
2, 3, 23
List the prime factors of 1206.
2, 3, 67
List the prime factors of 1160.
2, 5, 29
What are the prime factors of 574?
2, 7, 41
List the prime factors of 49020.
2, 3, 5, 19, 43
What are the prime factors of 1140?
2, 3, 5, 19
What are the prime factors of 15798?
2, 3, 2633
List the prime factors of 11670.
2, 3, 5, 389
What are the prime factors of 539?
7, 11
What are the prime factors of 11209?
11, 1019
List the prime factors of 87960.
2, 3, 5, 733
List the prime factors of 1033.
1033
List the prime factors of 31314.
2, 3, 17, 307
What are the prime factors of 19322?
2, 9661
List the prime factors of 3388.
2, 7, 11
What are the prime factors of 11043?
3, 409
List the prime factors of 1789.
1789
What are the prime factors of 1720?
2, 5, 43
List the prime factors of 5493.
3, 1831
What are the prime factors of 25181?
13, 149
What are the prime factors of 5898?
2, 3, 983
What are the prime factors of 2242?
2, 19, 59
List the prime factors of 7628.
2, 1907
What are the prime factors of 22570?
2, 5, 37, 61
List the prime factors of 22150.
2, 5, 443
List the prime factors of 4699.
37, 127
List the prime factors of 4677.
3, 1559
List the prime factors of 133690.
2, 5, 29, 461
What are the prime factors of 40192?
2, 157
What are the prime factors of 10521?
3, 7, 167
What are the prime factors of 210?
2, 3, 5, 7
List the prime factors of 1374.
2, 3, 229
List the prime factors of 30116.
2, 7529
What are the prime factors of 27033?
3, 9011
What are the prime factors of 40733?
7, 11, 23
List the prime factors of 486.
2, 3
List the prime factors of 2227.
17, 131
List the prime factors of 9483.
3, 29, 109
List the prime factors of 1213.
1213
List the prime factors of 38001.
3, 53, 239
What are the prime factors of 1114?
2, 557
List the prime factors of 44784.
2, 3, 311
List the prime factors of 533.
13, 41
What are the prime factors of 18109?
7, 13, 199
What are the prime factors of 9278?
2, 4639
List the prime factors of 5738.
2, 19, 151
What are the prime factors of 3583?
3583
What are the prime factors of 48074?
2, 13, 43
What are the prime factors of 182?
2, 7, 13
What are the prime factors of 9003?
3, 3001
What are the prime factors of 13778?
2, 83
List the prime factors of 3347.
3347
What are the prime factors of 782?
2, 17, 23
What are the prime factors of 57723?
3, 71, 271
What are the prime factors of 1000?
2, 5
What are the prime factors of 4308?
2, 3, 359
List the prime factors of 959.
7, 137
What are the prime factors of 668?
2, 167
What are the prime factors of 2269?
2269
List the prime factors of 15216.
2, 3, 317
List the prime factors of 8945.
5, 1789
What are the prime factors of 14750?
2, 5, 59
What are the prime factors of 124?
2, 31
What are the prime factors of 7203?
3, 7
What are the prime factors of 9551?
9551
List the prime factors of 3191.
3191
What are the prime factors of 16956?
2, 3, 157
List the prime factors of 79871.
11, 53, 137
List the prime factors of 18408.
2, 3, 13, 59
What are the prime factors of 2508?
2, 3, 11, 19
What are the prime factors of 21391?
21391
List the prime factors of 440.
2, 5, 11
What are the prime factors of 217?
7, 31
What are the prime factors of 11301?
3, 3767
What are the prime factors of 10723?
10723
What are the prime factors of 12766?
2, 13, 491
What are the prime factors of 83604?
2, 3, 6967
List the prime factors of 42782.
2, 21391
List the prime factors of 434.
2, 7, 31
List the prime factors of 1148.
2, 7, 41
What are the prime factors of 6507?
3, 241
What are the prime factors of 8320?
2, 5, 13
List the prime factors of 14686.
2, 7, 1049
What are the prime factors of 3101?
7, 443
What are the prime factors of 92885?
5, 13, 1429
List the prime factors of 22924.
2, 11, 521
List the prime factors of 79209.
3, 13, 677
What are the prime factors of 111?
3, 37
What are the prime factors of 4945?
5, 23, 43
List the prime factors of 2223.
3, 13, 19
What are the prime factors of 1111?
11, 101
What are the prime factors of 7963?
7963
List the prime factors of 868.
2, 7, 31
List the prime factors of 688.
2, 43
What are the prime factors of 58167?
3, 23, 281
List the prime factors of 109979.
71, 1549
What are the prime factors of 2276?
2, 569
List the prime factors of 29642.
2, 14821
List the prime factors of 45191.
45191
What are the prime factors of 112102?
2, 23, 2437
List the prime factors of 22982.
2, 11491
What are the prime factors of 28784?
2, 7, 257
What are the prime factors of 15435?
3, 5, 7
List the prime factors of 1117.
1117
What are the prime factors of 8580?
2, 3, 5, 11, 13
What are the prime factors of 2128?
2, 7, 19
What are the prime factors of 1271?
31, 41
What are the prime factors of 1685?
5, 337
What are the prime factors of 2026?
2, 1013
List the prime factors of 764.
2, 191
List the prime factors of 3576.
2, 3, 149
What are the prime factors of 7168?
2, 7
What are the prime factors of 40725?
3, 5, 181
List the prime factors of 8052.
2, 3, 11, 61
List the prime factors of 1906.
2, 953
List the prime factors of 4628.
2, 13, 89
List the prime factors of 2752.
2, 43
What are the prime factors of 14281?
14281
List the prime factors of 48080.
2, 5, 601
What are the prime factors of 3764?
2, 941
List the prime factors of 225.
3, 5
List the prime factors of 13870.
2, 5, 19, 73
What are the prime factors of 2870?
2, 5, 7, 41
List the prime factors of 394.
2, 197
What are the prime factors of 5195?
5, 1039
What are the prime factors of 520?
2, 5, 13
What are the prime factors of 792?
2, 3, 11
List the prime factors of 1422.
2, 3, 79
List the prime factors of 12669.
3, 41, 103
What are the prime factors of 1050?
2, 3, 5, 7
What are the prime factors of 26112?
2, 3, 17
What are the prime factors of 3818?
2, 23, 83
What are the prime factors of 730?
2, 5, 73
List the prime factors of 22475.
5, 29, 31
List the prime factors of 2902.
2, 1451
What are the prime factors of 1231?
1231
List the prime factors of 2928.
2, 3, 61
What are the prime factors of 1020?
2